{"id":15,"date":"2022-12-23T14:10:42","date_gmt":"2022-12-23T13:10:42","guid":{"rendered":"https:\/\/www.spd-bremen-walle.de\/wordpress\/?page_id=15"},"modified":"2022-12-29T22:06:09","modified_gmt":"2022-12-29T21:06:09","slug":"kontakt","status":"publish","type":"page","link":"https:\/\/www.spd-bremen-walle.de\/wordpress\/?page_id=15","title":{"rendered":"Kontakt"},"content":{"rendered":"\n<p>Wir haben f\u00fcr alle Anliegen aus dem Stadtteil immer ein offenes Ohr! Sprich uns gerne an unseren Infost\u00e4nden an oder schick uns eine E-Mail: <a href=\"mailto:elena.reichwald@spd-bremen.org\" target=\"_blank\" rel=\"noreferrer noopener\">elena.reichwald@spd-bremen.org<\/a><\/p>\n\n\n\n<p>Alternativ kannst Du uns eine Nachricht \u00fcber dieses Kontaktformular senden. Wir melden uns dann gerne zur\u00fcck.<\/p>\n\n\n\n<div class=\"wp-block-contact-form-7-contact-form-selector\">\n<div class=\"wpcf7 no-js\" id=\"wpcf7-f73-o1\" lang=\"en-US\" dir=\"ltr\" data-wpcf7-id=\"73\">\n<div class=\"screen-reader-response\"><p role=\"status\" aria-live=\"polite\" aria-atomic=\"true\"><\/p> <ul><\/ul><\/div>\n<form action=\"\/wordpress\/index.php?rest_route=%2Fwp%2Fv2%2Fpages%2F15#wpcf7-f73-o1\" method=\"post\" class=\"wpcf7-form init\" aria-label=\"Contact form\" novalidate=\"novalidate\" data-status=\"init\">\n<fieldset class=\"hidden-fields-container\"><input type=\"hidden\" name=\"_wpcf7\" value=\"73\" \/><input type=\"hidden\" name=\"_wpcf7_version\" value=\"6.1.5\" \/><input type=\"hidden\" name=\"_wpcf7_locale\" value=\"en_US\" \/><input type=\"hidden\" name=\"_wpcf7_unit_tag\" value=\"wpcf7-f73-o1\" \/><input type=\"hidden\" name=\"_wpcf7_container_post\" value=\"0\" \/><input type=\"hidden\" name=\"_wpcf7_posted_data_hash\" value=\"\" \/>\n<\/fieldset>\n<p><span id=\"wpcf7-69ef43b2861be-wrapper\" class=\"wpcf7-form-control-wrap webseite-wrap\" style=\"display:none !important; visibility:hidden !important;\"><label for=\"wpcf7-69ef43b2861be-field\" class=\"hp-message\">Please leave this field empty.<\/label><input id=\"wpcf7-69ef43b2861be-field\"  class=\"wpcf7-form-control wpcf7-text\" type=\"text\" name=\"webseite\" value=\"\" size=\"40\" tabindex=\"-1\" autocomplete=\"new-password\" \/><\/span><label> Dein Name<br \/>\n<span class=\"wpcf7-form-control-wrap\" data-name=\"your-name\"><input size=\"40\" maxlength=\"400\" class=\"wpcf7-form-control wpcf7-text wpcf7-validates-as-required\" autocomplete=\"name\" aria-required=\"true\" aria-invalid=\"false\" value=\"\" type=\"text\" name=\"your-name\" \/><\/span> <\/label>\n<\/p>\n<p><label> Deine E-Mail-Adresse<br \/>\n<span class=\"wpcf7-form-control-wrap\" data-name=\"your-email\"><input size=\"40\" maxlength=\"400\" class=\"wpcf7-form-control wpcf7-email wpcf7-validates-as-required wpcf7-text wpcf7-validates-as-email\" autocomplete=\"email\" aria-required=\"true\" aria-invalid=\"false\" value=\"\" type=\"email\" name=\"your-email\" \/><\/span> <\/label>\n<\/p>\n<p><label> Deine Nachricht<br \/>\n<span class=\"wpcf7-form-control-wrap\" data-name=\"your-message\"><textarea cols=\"40\" rows=\"10\" maxlength=\"2000\" class=\"wpcf7-form-control wpcf7-textarea wpcf7-validates-as-required\" aria-required=\"true\" aria-invalid=\"false\" name=\"your-message\"><\/textarea><\/span> <\/label>\n<\/p>\n<p><span class=\"wpcf7-form-control-wrap\" data-name=\"Datenschutz\"><span class=\"wpcf7-form-control wpcf7-checkbox wpcf7-validates-as-required\"><span class=\"wpcf7-list-item first last\"><label><input type=\"checkbox\" name=\"Datenschutz[]\" value=\"Ich stimme der Verarbeitung meiner Daten zur Beantwortung meiner Anfrage zu.\" \/><span class=\"wpcf7-list-item-label\">Ich stimme der Verarbeitung meiner Daten zur Beantwortung meiner Anfrage zu.<\/span><\/label><\/span><\/span><\/span>\n<\/p>\n<p><input class=\"wpcf7-form-control wpcf7-submit has-spinner\" type=\"submit\" value=\"Senden\" \/>\n<\/p><div class=\"wpcf7-response-output\" aria-hidden=\"true\"><\/div>\n<\/form>\n<\/div>\n<\/div>\n\n\n\n<p>Unser regelm\u00e4\u00dfiger Stammtisch f\u00fcr Mitglieder, Interessierte und B\u00fcrger*innen ist ebenfalls eine gute M\u00f6glichkeit, um mit uns in Kontakt zu kommen:<\/p>\n\n\n\n<p><strong>Politischer Stammtisch<\/strong><br>jeden letzten Mittwoch im Monat<br>um 19:30 Uhr im Hart Backbord<\/p>\n\n\n\n<p>Postalisch erreichst Du den Ortsverein \u00fcber unsere Landesgesch\u00e4ftsstelle:<\/p>\n\n\n\n<p><strong>SPD Bremen-Walle<\/strong><br>c\/o SPD Bremen<br>Violenstra\u00dfe 43<br>28195 Bremen<\/p>\n","protected":false},"excerpt":{"rendered":"<p>Wir haben f\u00fcr alle Anliegen aus dem Stadtteil immer ein offenes Ohr! Sprich uns gerne an unseren Infost\u00e4nden an oder schick uns eine E-Mail: elena.reichwald@spd-bremen.org Alternativ kannst Du uns eine Nachricht \u00fcber dieses Kontaktformular senden. Wir melden uns dann gerne zur\u00fcck. Unser regelm\u00e4\u00dfiger Stammtisch f\u00fcr Mitglieder, Interessierte und B\u00fcrger*innen ist ebenfalls eine gute M\u00f6glichkeit, um&hellip;<\/p>\n","protected":false},"author":1,"featured_media":0,"parent":0,"menu_order":0,"comment_status":"closed","ping_status":"closed","template":"","meta":{"footnotes":""},"class_list":["post-15","page","type-page","status-publish","hentry"],"_links":{"self":[{"href":"https:\/\/www.spd-bremen-walle.de\/wordpress\/index.php?rest_route=\/wp\/v2\/pages\/15","targetHints":{"allow":["GET"]}}],"collection":[{"href":"https:\/\/www.spd-bremen-walle.de\/wordpress\/index.php?rest_route=\/wp\/v2\/pages"}],"about":[{"href":"https:\/\/www.spd-bremen-walle.de\/wordpress\/index.php?rest_route=\/wp\/v2\/types\/page"}],"author":[{"embeddable":true,"href":"https:\/\/www.spd-bremen-walle.de\/wordpress\/index.php?rest_route=\/wp\/v2\/users\/1"}],"replies":[{"embeddable":true,"href":"https:\/\/www.spd-bremen-walle.de\/wordpress\/index.php?rest_route=%2Fwp%2Fv2%2Fcomments&post=15"}],"version-history":[{"count":4,"href":"https:\/\/www.spd-bremen-walle.de\/wordpress\/index.php?rest_route=\/wp\/v2\/pages\/15\/revisions"}],"predecessor-version":[{"id":189,"href":"https:\/\/www.spd-bremen-walle.de\/wordpress\/index.php?rest_route=\/wp\/v2\/pages\/15\/revisions\/189"}],"wp:attachment":[{"href":"https:\/\/www.spd-bremen-walle.de\/wordpress\/index.php?rest_route=%2Fwp%2Fv2%2Fmedia&parent=15"}],"curies":[{"name":"wp","href":"https:\/\/api.w.org\/{rel}","templated":true}]}}